6*y + 140. Give o(9).
-22
Let w(j) = -3*j**2 - 3*j + 58. What is w(7)?
-110
Let z(q) = -2*q**3 - 33*q**2 + 50*q + 428. Determine z(-19).
1283
Let m(l) = 2*l**2 - 959*l - 4791. Give m(-5).
54
Let k(n) = n**2 - 121*n + 716. Determine k(7).
-82
Let h(n) = 2*n**2 + 76*n - 648. Determine h(7).
-18
Let c(j) = -74*j + 2059. Give c(34).
-457
Let j(a) = -a**3 + 21*a**2 - 84*a + 2986. Give j(23).
-4
Let d(s) = -237*s - 2605. Give d(-11).
2
Let y(q) = 5*q**2 - 155*q - 159. What is y(32)?
1
Let g(s) = -116*s + 3729. Determine g(36).
-447
Let g(c) = -188*c - 187. Calculate g(-1).
1
Let j(k) = -k + 77. Determine j(-7).
84
Let r(h) = -4*h - 73. Determine r(-16).
-9
Let c(v) = 5368*v - 10690. Calculate c(2).
46
Let q(c) = -2813*c + 30939. What is q(11)?
-4
Let a(y) = 5*y**2 + 15*y + 12. Determine a(-7).
152
Let u(y) = -y**2 + 11*y + 546. What is u(31)?
-74
Let u(s) = -19*s - 1005. Calculate u(-53).
2
Let l(i) = -i**2 + 116*i + 4375. Give l(146).
-5
Let v(d) = 533*d - 507. Calculate v(1).
26
Let n(v) = -40*v**2 + 15*v - 9. Determine n(2).
-139
Let w(p) = 2*p**2 - 137*p - 413. Calculate w(68).
-481
Let h(q) = q**2 + 780*q - 37127. Calculate h(45).
-2
Let z(v) = -1703*v - 3385. Calculate z(-2).
21
Let j(v) = 21*v + 413. Calculate j(-20).
-7
Let g(q) = 7*q**2 + 507*q - 388. What is g(-73)?
-96
Let k(i) = i**3 - 17*i**2 - 130*i + 1751. What is k(19)?
3
Let g(d) = -51*d + 266. What is g(5)?
11
Let o(y) = y**2 - 19*y + 45. Determine o(9).
-45
Let n(z) = -2*z**3 - 82*z**2 + 52*z - 1363. What is n(-42)?
-19
Let i(j) = 36*j**3 + 3*j**2 + j - 2. Determine i(-1).
-36
Let s(h) = -2*h**3 - 185*h**2 - 310*h - 3373. Determine s(-91).
-6
Let b(r) = -r**2 - 91*r - 1759. What is b(-28)?
5
Let a(y) = 2*y**2 + y + 62. What is a(0)?
62
Let m(k) = k**3 + 26*k**2 - 58*k - 4. Determine m(-28).
52
Let j(x) = 3*x**3 - 14*x**2 + x - 18. What is j(5)?
12
Let p(i) = 5*i - 49. What is p(33)?
116
Let y(s) = -4*s**3 - 448*s**2 - 14*s - 1553. What is y(-112)?
15
Let v(o) = 4*o**2 + 115*o - 1805. Determine v(-40).
-5
Let o(k) = -756*k - 31015. Determine o(-41).
-19
Let w(f) = 3*f**3 + 6*f**2 + 5*f. Determine w(-1).
-2
Let i(r) = r**3 - 30*r**2 + 101*r + 52. Give i(26).
-26
Let l(c) = -7*c**2 - 501*c - 757. Give l(-70).
13
Let x(j) = 155*j**2 - 11*j + 12. Give x(1).
156
Let x(r) = -r**3 + 11*r**2 - 27*r - 11. Calculate x(7).
-4
Let q(f) = -2*f**2 + 29*f + 350. Calculate q(-10).
-140
Let p(z) = 3*z**2 + 95*z - 506. What is p(-41)?
642
Let q(n) = n**2 + 86*n + 408. Determine q(-5).
3
Let w(x) = 7*x**3 - 5*x**2 - 18*x - 42. Calculate w(-3).
-222
Let b(i) = -29*i + 9956. Give b(343).
9
Let b(w) = w**2 - 73*w + 664. Calculate b(64).
88
Let k(s) = -2*s**2 + 69*s + 722. Determine k(-9).
-61
Let o(c) = -c**3 - 29*c**2 + 75*c - 52. Calculate o(-32).
620
Let x(g) = 6*g - 153. Calculate x(21).
-27
Let i(q) = -q**3 + 9*q**2 + 42*q + 4. Give i(-4).
44
Let h(d) = 21*d**3 - 26*d**2 + d + 2. Determine h(2).
68
Let x(j) = 2*j**3 + 52*j**2 + 324*j - 35. Give x(-15).
55
Let j(n) = -4*n - 72. Determine j(-5).
-52
Let f(m) = -27*m - 445. What is f(-17)?
14
Let w(v) = 1007*v - 24152. Calculate w(24).
16
Let l(q) = 4*q**3 - 28*q**2 + 16*q + 46. Determine l(6).
-2
Let r(h) = 12*h**3 + 136*h**2 + 45*h - 7. Give r(-11).
-18
Let d(h) = -55*h - 2878. Determine d(-50).
-128
Let w(t) = -t**3 - 40*t**2 - 291*t + 318. What is w(-30)?
48
Let o(s) = -s**3 + 9*s**2 - 49*s + 336. Determine o(8).
8
Let o(t) = t**3 - 15*t**2 + 25*t - 12. Give o(12).
-144
Let o(g) = 100*g - 3061. Determine o(31).
39
Let l(w) = w**2 + 201*w - 19655. Calculate l(72).
1
Let v(d) = d**2 - 47*d + 505. Give v(29).
-17
Let t(h) = h**3 + 6*h**2 - 9*h - 55. Calculate t(-6).
-1
Let y(l) = -l**2 + 11*l + 45. Calculate y(-3).
3
Let b(p) = p**3 + 32*p**2 + 187*p + 6. Give b(-24).
126
Let n(s) = 3*s**2 - 130*s + 43. What is n(43)?
0
Let o(s) = 70*s - 9135. Determine o(131).
35
Let g(b) = 8*b + 480. Give g(-76).
-128
Let j(a) = -2*a**3 - 381*a**2 - 940*a - 17. What is j(-188)?
-17
Let m(g) = g**3 + 4*g**2 - 7*g - 2. Determine m(-3).
28
Let x(j) = -j**3 - 206*j**2 + 8*j + 1642. Give x(-206).
-6
Let h(c) = -2*c**3 + 46*c**2 - 49*c + 145. What is h(22)?
35
Let o(a) = -2*a**3 + 37*a**2 - 14*a + 26. Give o(18).
98
Let u(d) = -d**3 - 10*d**2 - 6*d - 42. Determine u(-10).
18
Let t(a) = a**3 - 9*a**2 - 135*a + 1031. Give t(7).
-12
Let v(n) = 6*n + 118. What is v(-35)?
-92
Let a(k) = -21755*k - 87007. Calculate a(-4).
13
Let p(m) = -4*m**2 + 69*m - 317. What is p(5)?
-72
Let u(c) = -12179*c + 36524. What is u(3)?
-13
Let o(x) = -x**2 + 35*x - 270. Determine o(12).
6
Let l(p) = 52*p + 361. What is l(-7)?
-3
Let h(m) = m**2 + 47*m + 180. Calculate h(-4).
8
Let h(g) = -2*g**2 - 168*g - 1397. Give h(-9).
-47
Let x(p) = 236*p + 5270. Determine x(-23).
-158
Let i(x) = -83*x - 571. Give i(-7).
10
Let p(f) = -3*f - 19. What is p(-5)?
-4
Let z(g) = -g**3 + 41*g**2 + 58*g - 85. Give z(42).
587
Let i(n) = n**2 + 151*n + 3545. Determine i(-29).
7
Let l(h) = h**3 - 14*h**2 - 19*h - 167. Give l(19).
1277
Let d(s) = 119*s**2 + 28*s - 29. Determine d(1).
118
Let j(o) = -137*o - 5466. Calculate j(-39).
-123
Let l(z) = z**3 + 4*z**2 - 14*z + 1. What is l(-6)?
13
Let i(y) = y**3 - 309*y - 1650. Determine i(-6).
-12
Let t(h) = h**2 - 80*h + 1066. What is t(46)?
-498
Let i(c) = c**2 + 14*c + 33. Calculate i(-7).
-16
Let j(c) = 173*c + 2769. Determine j(-16).
1
Let n(o) = 91*o - 13. Calculate n(-2).
-195
Let p(y) = y**3 - 54*y**2 + 102*y + 114. Calculate p(52).
10
Let f(a) = -7*a + 149. Determine f(19).
16
Let t(h) = 3293*h + 75766. Give t(-23).
27
Let d(h) = 10246*h + 3. Calculate d(0).
3
Let x(o) = -71*o + 2240. Calculate x(34).
-174
Let d(u) = 2*u**2 - 168*u + 2076. What is d(69)?
6
Let p(r) = -31*r - 97. What is p(-8)?
151
Let p(r) = -3*r**2 - 89*r - 386. What is p(-5)?
-16
Let n(r) = -r**3 + 4*r**2 + 67*r - 76. What is n(10)?
-6
Let p(j) = 22*j + 1306. Determine p(-78).
-410
Let i(w) = -w**3 - 3*w**2 - 24*w + 57. Calculate i(2).
-11
Let c(w) = w**3 - 12*w**2 - 6*w + 187. What is c(11)?
0
Let a(x) = -2*x**3 - 48*x**2 + 355*x + 2. Give a(-30).
152
Let o(p) = -33*p**2 + 89*p + 12. What is o(4)?
-160
Let q(d) = -10*d**2 + 2057*d + 2673. Determine q(207).
-18
Let h(m) = -3*m**2 - 234*m - 231. Determine h(-1).
0
Let s(z) = -70*z - 21498. What is s(-307)?
-8
Let i(z) = z**3 - 415*z**2 - 4242*z - 3406. Determine i(425).
-6
Let n(s) = 43*s - 2968. Determine n(69).
-1
Let v(g) = -4*g**2 + 70*g - 523. What is v(9)?
-217
Let y(n) = n**3 - 59*n**2 - 120*n - 124. Give y(61).
-2
Let d(m) = -43*m - 4814. Give d(-113).
45
Let j(c) = -c**2 + 6*c - 162. Calculate j(23).
-553
Let z(c) = 4*c**2 + 32*c - 36. Calculate z(-11).
96
Let w(a) = 69951*a - 419700. Determine w(6).
6
Let y(h) = -8*h**3 - 2*h**2 + 11*h + 6. Give y(2).
-44
Let m(w) = -2*w**2 + 36*w - 89. What is m(3)?
1
Let k(b) = -2*b**3 - 87*b**2 - 354*b - 113. What is k(-39)?
4
Let r(j) = -4*j**2 + 113*j - 336. Determine r(3).
-33
Let k(h) = 2*h**3 - 6*h**2 + 53*h - 94. What is k(2)?
4
Let x(b) = -b**2 - 20*b - 53. Give x(-18).
-17
Let o(r) = -584*r - 4102. What is o(-7)?
-14
Let z(g) = 2*g**2 + 157*g + 364. Give z(-76).
-16
Let c(z) = 1183*z + 88739. Calculate c(-75).
14
Let t(k) = -109*k + 654. Determine t(6).
0
Let s(u) = -u**3 - 43*u**2 - 48*u - 247. Calculate s(-42).
5
Let w(j) = -2*j**3 + 35*j**2 + j + 25. Calculate w(18).
-281
Let x(k) = 5019*k + 40170. Calculate x(-8).
18
Let f(c) = 900*c - 22498. Calculate f(25).
2
Let r(z) = 61*z + 9877. Give r(-162).
-5
Let x(q) = -385*q**2 - 2301*q - 8. Determine x(-6).
-62
Let w(o) = -2*o**3 - 45*o**2 - 239*o + 143. Give w(-12).
-13
Let p(x) = -x**3 + 149*x**2 + 152*x - 306. Calculate p(150).
-6
Let f(h) = -h**2 + 68*h - 652. Give f(15).
143
Let t(k) = k**2 - 52*k + 483. Calculate t(14).
-49
Let b(z) = z**2 - 495*z - 1980. Determine b(-4).
16
Let v(s) = s**2 + 15*s - 36. Give v(3).
18
Let n(t) = -3*t**3 - 40*t**2 - 211*t - 58. Calculate n(-8).
606
Let l(m) = -404*m - 1632. Give l(-4).
-16
Let p(j) = 2*j**2 - 38*j + 158. Calculate p(10).
-22
Let a(r) = -2*r**3 + 239*r**2 + 606*r + 439. Give a(122).
-49
Let t(j) = -4*j + 23. Calculate t(14).
-33
Let b(x) = x**2 + 25*x + 94. What is b(-16)?
-50
Let n(b) = -3*b**2 + 186*b + 194. Calculate n(63).
5
Let s(m) = 2*m**3 + 55*m**2 + 74*m - 35. What is s(-26)?
6